ided by 156.
153
Calculate the remainder when 2423494 is divided by 255.
229
Calculate the remainder when 6023463 is divided by 7644.
7635
Calculate the remainder when 3142185 is divided by 147.
60
What is the remainder when 3667382 is divided by 209?
59
Calculate the remainder when 886881 is divided by 2179.
28
What is the remainder when 21631519 is divided by 1639?
1636
What is the remainder when 12459 is divided by 5050?
2359
What is the remainder when 18819682 is divided by 101181?
16
What is the remainder when 65246166 is divided by 74?
70
Calculate the remainder when 1990871 is divided by 110565.
701
What is the remainder when 771496 is divided by 3433?
2504
What is the remainder when 945630 is divided by 189121?
25
What is the remainder when 125806522 is divided by 31?
28
Calculate the remainder when 183895990 is divided by 43.
40
Calculate the remainder when 6675908 is divided by 23100.
8
Calculate the remainder when 1618425 is divided by 641.
541
What is the remainder when 16413 is divided by 6623?
3167
What is the remainder when 156326 is divided by 25987?
404
Calculate the remainder when 20505876 is divided by 1705.
1546
Calculate the remainder when 149225 is divided by 11478.
11
Calculate the remainder when 17496750 is divided by 3152.
3150
What is the remainder when 16369107 is divided by 55?
7
What is the remainder when 4654821 is divided by 1173?
357
What is the remainder when 1376640 is divided by 666?
18
Calculate the remainder when 6024767 is divided by 248.
103
Calculate the remainder when 9031632 is divided by 1505267.
30
What is the remainder when 846760 is divided by 2740?
100
What is the remainder when 134474 is divided by 5630?
4984
What is the remainder when 350245 is divided by 173054?
4137
What is the remainder when 12109083 is divided by 2659?
2656
Calculate the remainder when 20580 is divided by 2276.
96
Calculate the remainder when 3722925 is divided by 696.
21
Calculate the remainder when 35530183 is divided by 77.
73
Calculate the remainder when 953114 is divided by 6354.
14
What is the remainder when 19313272 is divided by 13?
4
Calculate the remainder when 506249 is divided by 23.
19
Calculate the remainder when 438759 is divided by 112.
55
Calculate the remainder when 142860107 is divided by 68.
63
Calculate the remainder when 35864 is divided by 743.
200
What is the remainder when 11510879 is divided by 103?
11
Calculate the remainder when 16371014 is divided by 2728501.
8
What is the remainder when 1495642 is divided by 3010?
2682
What is the remainder when 2788499 is divided by 140?
119
Calculate the remainder when 372576 is divided by 95.
81
What is the remainder when 4043 is divided by 3124?
919
What is the remainder when 2574637 is divided by 9504?
8557
What is the remainder when 672551 is divided by 23481?
15083
What is the remainder when 580025 is divided by 82828?
229
What is the remainder when 3109126 is divided by 1215?
1156
What is the remainder when 327365 is divided by 263?
193
Calculate the remainder when 2627205 is divided by 1313574.
57
What is the remainder when 88973 is divided by 2226?
2159
What is the remainder when 210230 is divided by 271?
205
What is the remainder when 692940 is divided by 38495?
30
What is the remainder when 2030462 is divided by 345?
137
What is the remainder when 24877777 is divided by 327339?
13
Calculate the remainder when 83310 is divided by 541.
537
Calculate the remainder when 12767174 is divided by 5419.
10
Calculate the remainder when 8127596 is divided by 390.
386
What is the remainder when 17676790 is divided by 327?
151
Calculate the remainder when 39526905 is divided by 405.
120
What is the remainder when 7228 is divided by 6133?
1095
What is the remainder when 872438 is divided by 277?
165
Calculate the remainder when 1185749 is divided by 184.
53
What is the remainder when 14460204 is divided by 268?
264
What is the remainder when 9986922 is divided by 28?
22
What is the remainder when 1349566 is divided by 224911?
100
Calculate the remainder when 15307439 is divided by 40177.
2
What is the remainder when 383303 is divided by 3096?
2495
What is the remainder when 16197229 is divided by 433?
431
Calculate the remainder when 112891748 is divided by 211.
207
Calculate the remainder when 3992350 is divided by 998085.
10
What is the remainder when 39837607 is divided by 9?
7
What is the remainder when 1556166 is divided by 374?
326
Calculate the remainder when 221319 is divided by 329.
231
What is the remainder when 720999 is divided by 127?
20
Calculate the remainder when 1563195 is divided by 120093.
1986
What is the remainder when 10684876 is divided by 1083?
1081
What is the remainder when 2782548 is divided by 556480?
148
What is the remainder when 529235 is divided by 33077?
3
What is the remainder when 1199358 is divided by 1468?
2
What is the remainder when 81377 is divided by 78848?
2529
What is the remainder when 8679084 is divided by 40?
4
What is the remainder when 3061778 is divided by 90052?
10
What is the remainder when 761689396 is divided by 370?
366
Calculate the remainder when 2146970 is divided by 715615.
125
What is the remainder when 31179 is divided by 9034?
4077
What is the remainder when 195798 is divided by 720?
678
Calculate the remainder when 5707383 is divided by 37546.
391
What is the remainder when 13091244 is divided by 7?
5
What is the remainder when 1864539 is divided by 147?
138
What is the remainder when 24994489 is divided by 667?
665
Calculate the remainder when 985644 is divided by 197122.
34
What is the remainder when 4501318 is divided by 443?
438
Calculate the remainder when 4906472 is divided by 18.
14
Calculate the remainder when 2049385 is divided by 105.
100
What is the remainder when 8557240 is divided by 57819?
28
Calculate the remainder when 5130776 is divided by 76.
16
Calculate the remainder when 247145 is divided by 3634.
33
What is the remainder when 17595587 is divided by 4499?
4497
Calculate the remainder when 304218 is divided by 51.
3
Calculate the remainder when 1415980 is divided by 40454.
90
Calculate the remainder when 2301346 is divided by 4668.
22
What is the remainder when 4023752 is divided by 644?
40
What is the remainder when 25155469 is divided by 5232?
13
Calculate the remainder when 760619 is divided by 569.
435
Calculate the remainder when 2877303 is divided by 319700.
3
Calculate the remainder when 11740631 is divided by 1677233.
0
What is the remainder when 441011 is divided by 220297?
417
Calculate the remainder when 188638083 is divided by 2039.
2037
Calculate the remainder when 3193215 is divided by 232.
199
What is the remainder when 928714 is divided by 38?
32
Calculate the remainder when 563535 is divided by 38.
33
What is the remainder when 9069 is divided by 8547?
522
What is the remainder when 1785123 is divided by 892559?
5
What is the remainder when 1320831 is divided by 1275?
1206
Calculate the remainder when 2501960 is divided by 1250894.
172
Calculate the remainder when 16595 is divided by 2242.
901
Calculate the remainder when 118426600 is divided by 366.
346
Calculate the remainder when 1955187 is divided by 28.
3
What is the remainder when 3180008 is divided by 859?
849
What is the remainder when 108950 is divided by 5564?
3234
What is the remainder when 11833913 is divided by 7438?
55
Calculate the remainder when 1421855 is divided by 25.
5
Calculate the remainder when 15816 is divided by 5018.
762
Calculate the remainder when 530279 is divided by 148.
143
Calculate the remainder when 10461442 is divided by 191.
181
Calculate the remainder when 761410 is divided by 11714.
0
What is the remainder when 3877525 is divided by 352501?
14
Calculate the remainder when 2212161 is divided by 10148.
10045
What is the remainder when 2041364 is divided by 383?
357
What is the remainder when 182844 is divided by 310?
254
What is the remainder when 54673834 is divided by 714?
712
Calculate the remainder when 2106452 is divided by 18159.
8
What is the remainder when 5449721 is divided by 9749?
30
What is the remainder when 4465089 is divided by 353?
345
What is the remainder when 20917 is divided by 554?
419
Calculate the remainder when 1715444 is divided by 266.
10
What is the 